 divided by 467?
466
What is the remainder when 24429 is divided by 149?
142
Calculate the remainder when 3374 is divided by 977.
443
What is the remainder when 969117 is divided by 240?
237
What is the remainder when 1035259 is divided by 172542?
7
Calculate the remainder when 141229 is divided by 17648.
45
What is the remainder when 36866 is divided by 36863?
3
Calculate the remainder when 2129 is divided by 298.
43
What is the remainder when 759821 is divided by 338?
335
Calculate the remainder when 76726 is divided by 25571.
13
What is the remainder when 4608 is divided by 90?
18
Calculate the remainder when 43967 is divided by 161.
14
Calculate the remainder when 10511 is divided by 1062.
953
What is the remainder when 9961 is divided by 56?
49
What is the remainder when 101884 is divided by 139?
136
Calculate the remainder when 4007985 is divided by 59.
56
Calculate the remainder when 183349 is divided by 1870.
89
